) be the first derivative of -2*h**3 - h**2/2 - h - 1. Let s be y(-1). Calculate i(s).
2
Let n(y) = -y**2 - 9. Suppose -26 = -2*a - 4*x, 5*a - 6 = 3*x + 20. Let j(m) = -m**2 + 6*m + 7. Let q be j(a). Suppose q = 2*u - u. Give n(u).
-9
Let y(w) be the first derivative of 1/3*w**3 - 5 - 15*w + 1/4*w**4 - 1/2*w**2. Give y(0).
-15
Suppose -103*s + 4 = -99*s. Let n be (1 - 9/3) + (s - 0). Let d(l) = 3*l**3 - l**2 + l + 1. Give d(n).
-4
Let l(q) = -2*q**2 + q**2 - 8*q**2 - 2*q**2 - 2*q + 1. Let a be 5/(-20)*(-7 - -3). What is l(a)?
-12
Let k(t) be the second derivative of t**3/6 + 2*t**2 - 108*t. Calculate k(4).
8
Let x(p) = -7*p**2 - 3. Let h(v) = 1. Let y(b) = -5. Let c(f) = 6*h(f) + y(f). Let k(n) = 4*c(n) + x(n). What is k(1)?
-6
Let c(j) be the second derivative of -j**5/20 - 7*j**4/12 + 5*j**3/6 + 9*j**2/2 - 153*j + 1. Determine c(-8).
33
Let c(a) = a**3 + a**2 + a + 16. Let p(m) = -2*m**2 - 13*m + 10. Let q be p(-7). Suppose 9 = -3*d, -q*k + 3*d + 6 = d. Give c(k).
16
Let m(g) = -g**3 - 6*g**2 - 7. Let b = 1765 + -1770. Determine m(b).
-32
Let l(b) be the second derivative of -b**5/20 - b**4/3 + 5*b**3/6 - 3*b**2/2 - 4*b. Suppose 2*g - 59 = 1. Let w = 25 - g. Determine l(w).
-3
Let m(o) be the second derivative of -o**4/12 - 7*o**3/6 - 3*o**2 + 9*o - 7. Determine m(-5).
4
Let r = 3382 - 3377. Let k(n) = -n**3 - n**2 - n + 4. Let w be k(0). Let t(p) = p - w + 3 - 3*p. Give t(r).
-11
Let x = 25 + 10. Suppose -y - 4*y = x. Let k(z) = 4*z**3 + 27*z + 9*z - 9 - 37*z + 7*z**2 - 3*z**3. Calculate k(y).
-2
Let b(y) = y + 3. Let x be b(0). Let u be (-144)/(-30)*(-5)/(-2). Let n be (x/2)/(u/40). Let v(l) = -l**3 + 5*l**2 + l - 3. Give v(n).
2
Let a(h) be the third derivative of h**4/24 + h**3/6 - 2*h**2 + 7. Determine a(0).
1
Let m(y) = -y**3 - 4*y**2 - 2*y - 4. Suppose -5*l - l + 54 = 0. Let u = l - 13. Give m(u).
4
Let q(p) = 2 - 17*p + 1 - 8 - 2*p**2 + 30*p - 15*p. Determine q(-4).
-29
Let v(h) = 13*h + 6. Suppose -29*j = -27*j + 6, -w - 10 = 3*j. What is v(w)?
-7
Suppose 0 = -266*d + 279*d - 39. Let h(w) be the second derivative of 3/2*w**2 + 0 + 1/2*w**d + 7*w. Give h(-2).
-3
Suppose -4*b + 8 = 12, 2*w + 4*b + 6 = 0. Let d(u) = -14*u**2 + 4*u + 3. What is d(w)?
-15
Let i(b) be the second derivative of -3*b**4/2 - b**3/6 + b**2/2 + 101*b. Give i(1).
-18
Let p(i) = -4*i + 2. Let q(c) = -5*c + 1. Let o(n) = -p(n) + q(n). Determine o(10).
-11
Suppose 4*p = 5*p + 5. Let f = 5 + -1. Let k(j) = 15*j**3 + 3*j - 4 - f*j**2 - 5*j**3 - 11*j**3. Calculate k(p).
6
Suppose -2*m - m = -5*y + 1, 5*m = -2*y + 19. Let c(g) = g - 5 + 1 - y. Let s = -9 - -15. Determine c(s).
0
Let x = -439 - -444. Let a(n) = n**3 - 4*n**2 - 4*n - 4. Calculate a(x).
1
Let g(a) = -a**3 - 3*a**2 - a + 8. Let y be 10/(-35)*-14*(-11)/(-4). Let d(j) = -5*j**3 - 16*j**2 - 5*j + 40. Let p(x) = y*g(x) - 2*d(x). What is p(0)?
8
Let c(p) = 5*p**2 - 55*p + 1. Suppose -5*f + 0*a - 4*a = -43, a = f - 14. Let q be c(f). Let r(z) = -18*z**2 + z. What is r(q)?
-17
Let g = -18 - -20. Let b(u) = u**2 - 5*u - 4. Let x be b(6). Let y(i) = -5*i - 7*i**2 + 4*i**2 + 0*i**2 + x*i**2 - g. Give y(-5).
-2
Let g(o) = -15 - 5 - 4*o + o**2 - 2*o + 6*o. What is g(0)?
-20
Suppose 0 = 4*d - 5*o - 0 + 1, -d = 4*o + 16. Let l(p) = -p**2 - 3*p - 6. What is l(d)?
-10
Let y(s) = -s**3 - 10*s**2 - 3*s - 15. Let k(n) = -n**3 - 10*n**2 - n - 16. Let o(x) = 4*k(x) - 5*y(x). Calculate o(-9).
-7
Let a = 24 - 21. Let w(m) = 2*m - m**a + 0 - 11 + m**2 + 10. Calculate w(-2).
7
Suppose 3*o + 20 = -8*i + 3*i, 4*i + 9 = -o. Let t(u) = -25*u - 57. Let j(k) = 9*k + 21. Let v(r) = 11*j(r) + 4*t(r). Give v(o).
8
Let z(a) = 25*a**3 - a**2. Suppose 3*s - 14 = -2*g, -6*s + 7 = 3*g - 5*s. Suppose v + 0*v - g = 0. Calculate z(v).
24
Let c(s) = s**3 + 7*s**2 + 7*s + 8. Let w be 2/6 + (-150)/(-9) - 2. Let u be 1/5 + (-123)/w + 2. What is c(u)?
2
Let c = -4 - -7. Let z be 105/(-25) - c/(-15). Let g(m) = -m**3 - 4*m**2 - 4*m + 1. What is g(z)?
17
Suppose 1 = k, -3*h - 11*k = -13*k + 56. Let z(v) = -v**2 - 20*v - 38. Give z(h).
-2
Let g(i) = -13*i - 3 + 17 + 21*i + 7. Let l(z) = 11*z + 31. Let u(c) = 7*g(c) - 5*l(c). Suppose -4*f = -4*b + 5*b + 6, -2*f = 4*b - 18. What is u(b)?
-2
Let d(x) be the third derivative of -1/60*x**5 + 0 - x**3 + 0*x - 1/3*x**4 + 13*x**2. Determine d(-6).
6
Let c = -25 + 29. Suppose -3*f = -d - 18, -c*d + 2 = -4*f + 34. Let t(j) = -j + 1. Determine t(d).
4
Let s be 0/2*3/(-9). Let d(n) = -n + 24. Calculate d(s).
24
Let i be (0 + 3)/((0 - -5)/10). Let x(k) = 3*k - 8. What is x(i)?
10
Suppose 0 = -24*k + 26*k - 4. Let z(v) = -v**3 + 12*v**2 - 4 + 1 - 9*v - 19*v**k. What is z(-6)?
15
Suppose -1 = -5*r + 9. Let f(x) be the third derivative of -7*x**2 + 0 - 1/3*x**3 + 0*x - 1/12*x**4. What is f(r)?
-6
Let q(t) = -t**2 + 4*t + 1. Let l(s) = -s**3 + 29*s**2 + s - 24. Let x be l(29). Determine q(x).
-4
Let h be ((2 - -2 - 7) + 2)*0. Let v(w) = 6*w - 11 + h*w**2 - w**2 + 10 - 7*w. Let d(k) = k + 3. Let c be d(-3). Calculate v(c).
-1
Let l(j) be the third derivative of -j**5/60 + j**3/6 + 19*j**2 + 3*j. Determine l(3).
-8
Let o(c) = 2*c**2 + 14*c + 1. Let t be o(-11). Let m(l) = -180 + t + 92 + 8*l. What is m(1)?
9
Let u(w) = -w**2 + 16*w + 10. Let s = -2584 - -2591. Determine u(s).
73
Let h(o) be the third derivative of 2*o**3 + 0 + 1/60*o**5 + 1/24*o**4 + 0*o - o**2. Let j = -47274 - -47274. What is h(j)?
12
Suppose 588*y + 81 = 597*y. Let o(c) = -2*c + 2. Determine o(y).
-16
Suppose 0 = 15*f - 95 - 40. Suppose -k = 2*k - 18. Let l(g) = g**2 - 7*g + 19*g - f - k*g. Calculate l(-7).
-2
Let n(x) = 240*x - 19 + 241*x + 244*x - 724*x. Calculate n(0).
-19
Suppose 0 = -5*p - 3*l + 35, 0*l - 28 = -4*p + 5*l. Let m(u) = -u**2 + 9*u - 4. Let k(d) = d**2 - 10*d + 5. Let y(g) = p*m(g) + 6*k(g). What is y(5)?
-8
Let f(n) be the third derivative of -n**5/60 + n**4/6 - n**3/3 + 21*n**2. Calculate f(2).
2
Suppose 0 = 8*w - 7 - 17. Let p(o) = -o - 2 - w + 5 - 1. What is p(-2)?
1
Let m be (30 - 1) + (-1 - 3). Let t(c) = -2*c**2 - c - 4*c + m - 23. What is t(-4)?
-10
Let o = 2 - 1. Let r(z) be the second derivative of -1/2*z**2 + 0 + 24*z - 1/6*z**3. Determine r(o).
-2
Let w(q) = -2*q**2 - 3*q**3 + 4*q**3 - q**2 + 1 - 2*q**3 - q**3. What is w(-2)?
5
Let w be 5/315*-7*-18. Let l(c) = 3*c**2 - 1. What is l(w)?
11
Let g(f) = -f**3 + 4*f**2 + 4*f + 4. Suppose -18*z + 13 = -17*z + 2*b, 2*z + 3*b = 22. Calculate g(z).
-1
Let l(o) = 2*o - 9. Suppose 22 = 4*m + d, -2*d = -m - 0*m + 10. Give l(m).
3
Let u(c) = -14*c - 18. Let z be u(5). Let a = z - -89. Let i(d) = 12*d**3 - 2*d**2 + d. What is i(a)?
11
Let l(z) = 2*z + 27. Suppose d + 5*j - 20 = 0, -d = -2*j - 16 + 24. Determine l(d).
27
Let x(a) = a**2 + 28*a + 128. Suppose -41 = 2*i - d, -27*i = -22*i + d + 113. Determine x(i).
-4
Suppose -3*a + 2 = 5*d - a, -5*d + 5*a - 5 = 0. Let q(h) = -9*h**2 + h - 10*h**2 + 10*h**2 + 10*h**2 + 11. Give q(d).
11
Suppose 0 = -2*s - 4*z + 4, -s = 3*s - 4*z - 8. Suppose -4*c + 5*a = -31, 3*c + 0*c + 4*a = 31. Let l be 33/27 - s/c. Let f(v) = 6*v**3 - v. Calculate f(l).
5
Let a(m) = -18*m - 15*m + 54*m - 11*m. Determine a(2).
20
Let l = 170 - 163. Let i(y) = y**3 + y**2 - 2*y - 10. Let x(b) = -4*b**2 + 6*b + 22 - 4*b**3 + b + 9. Let s(v) = l*i(v) + 2*x(v). Determine s(0).
-8
Let w(c) = 5*c + 6*c - c**2 - 9*c - 9*c - 5 + 2*c**2. What is w(9)?
13
Let p(l) = -l**2 + 8*l + 3. Let k be p(8). Let h(f) = 4*f**2 - 4*f - 2. Let n(z) = z**2 - z + 1. Let m(s) = h(s) - 2*n(s). Give m(k).
8
Let p(a) = -a**3 - 7*a**2 + 7*a - 3. Let u be p(-9). Let g = -92 + u. Let r(j) = j**2 - 3*j - 3. What is r(g)?
1
Let r(s) = -s**3. Let t(u) = 2*u**3 + 5*u**2 + u + 5. Let d(j) = -r(j) - t(j). Suppose 79 = -15*y + 4. Determine d(y).
0
Let y(v) = -3*v - 10. Let f = -31 - -37. Let d(j) = -3*j - 11. Let h(g) = f*d(g) - 7*y(g). Calculate h(5).
19
Let l(c) = -c - 3. Let k(s) = s + 3. Let g be k(-6). Let h be 2 + (-6 - g - -1). Suppose h = -p - 3*p - 24. Calculate l(p).
3
Let x(k) be the third derivative of -k**4/24 + 2*k**3/3 - 2*k**2. Suppose -12*u + 16*u = a - 3, -a + 3 = 5*u. Determine x(u).
4
Let o(b) = 9*b**2 + 19*b - 1. Let a(s) = -4*s**2 - 9*s. Let n(d) = 7*a(d) + 3*o(d). What is n(-6)?
-3
Let x(f) = -f**3 + 8*f**2 - 6*f - 10. Let s(p) = -p**3 - 4*p**2 + 5*p + 7. Let u = 33 + -38. Let y be 